{"id":3296,"date":"2019-01-03T21:32:20","date_gmt":"2019-01-03T21:32:20","guid":{"rendered":"https:\/\/vpin-shop.com\/?post_type=product&#038;p=3296"},"modified":"2020-05-25T07:39:38","modified_gmt":"2020-05-25T07:39:38","slug":"tales-of-the-arabien-nights-sword-topper","status":"publish","type":"product","link":"https:\/\/www.vpin-shop.com\/home\/vpinshop\/pinball-mods\/totan\/tales-of-the-arabien-nights-sword-topper\/","title":{"rendered":"Tales of the Arabian Nights Sword TOPPER"},"content":{"rendered":"<p>Der hier aufgef\u00fchrte Topper besteht aus dem S\u00e4bel (Kunststoff) mit 7 farbigen LEDs und der Kabelverbindung.<\/p>\n<p>Vorkonfektioniert f\u00fcr den Einbau in einen originalen TOTAN.<\/p>\n<p>Inkl. Montagesockel und Einbauanleitung.<\/p>\n<p>Die eingebauten LEDs sind\u00a0Ablaze Premium Superflex #555<\/p>\n<p>Stecksockel LED mit flexibler 90\u00b0 Winkelf\u00fchrung<\/p>\n<p><iframe loading=\"lazy\" title=\"VPIN-shop presents -Tales of the Ararbian Nights- Saber Mod\" width=\"640\" height=\"360\" src=\"https:\/\/www.youtube.com\/embed\/u4nUGsqDFX8?feature=oembed\" frameborder=\"0\" allow=\"accelerometer; autoplay; clipboard-write; encrypted-media; gyroscope; picture-in-picture; web-share\" referrerpolicy=\"strict-origin-when-cross-origin\" allowfullscreen><\/iframe><\/p>\n<p>&nbsp;<\/p>\n","protected":false},"excerpt":{"rendered":"<p class=\"card-text\">Der hier aufgef\u00fchrte Topper besteht aus dem S\u00e4bel (Kunststoff) mit 7 farbigen LEDs und der Kabelverbindung. Vorkonfektioniert f\u00fcr den Einbau in einen originalen TOTAN. Inkl. Montagesockel und Einbauanleitung. Die eingebauten LEDs sind\u00a0Ablaze Premium Superflex #555 Stecksockel LED mit flexibler 90\u00b0 Winkelf\u00fchrung &nbsp; [&#8230;]<\/p>\n<p class=\"m-0\"><a class=\"btn btn-outline-secondary btn-read-more\" href=\"https:\/\/www.vpin-shop.com\/home\/vpinshop\/pinball-mods\/totan\/tales-of-the-arabien-nights-sword-topper\/\">Read More<\/a><\/p>\n","protected":false},"featured_media":4221,"comment_status":"open","ping_status":"closed","template":"","meta":[],"product_brand":[],"product_cat":[112],"product_tag":[],"class_list":{"0":"post-3296","1":"product","2":"type-product","3":"status-publish","4":"has-post-thumbnail","6":"product_cat-totan","7":"product_shipping_class-kleiner-2kg","9":"first","10":"outofstock","11":"taxable","12":"shipping-taxable","13":"purchasable","14":"product-type-simple"},"_links":{"self":[{"href":"https:\/\/www.vpin-shop.com\/home\/wp-json\/wp\/v2\/product\/3296","targetHints":{"allow":["GET"]}}],"collection":[{"href":"https:\/\/www.vpin-shop.com\/home\/wp-json\/wp\/v2\/product"}],"about":[{"href":"https:\/\/www.vpin-shop.com\/home\/wp-json\/wp\/v2\/types\/product"}],"replies":[{"embeddable":true,"href":"https:\/\/www.vpin-shop.com\/home\/wp-json\/wp\/v2\/comments?post=3296"}],"wp:featuredmedia":[{"embeddable":true,"href":"https:\/\/www.vpin-shop.com\/home\/wp-json\/wp\/v2\/media\/4221"}],"wp:attachment":[{"href":"https:\/\/www.vpin-shop.com\/home\/wp-json\/wp\/v2\/media?parent=3296"}],"wp:term":[{"taxonomy":"product_brand","embeddable":true,"href":"https:\/\/www.vpin-shop.com\/home\/wp-json\/wp\/v2\/product_brand?post=3296"},{"taxonomy":"product_cat","embeddable":true,"href":"https:\/\/www.vpin-shop.com\/home\/wp-json\/wp\/v2\/product_cat?post=3296"},{"taxonomy":"product_tag","embeddable":true,"href":"https:\/\/www.vpin-shop.com\/home\/wp-json\/wp\/v2\/product_tag?post=3296"}],"curies":[{"name":"wp","href":"https:\/\/api.w.org\/{rel}","templated":true}]}}