{"id":3149,"date":"2018-10-10T12:11:44","date_gmt":"2018-10-10T12:11:44","guid":{"rendered":"https:\/\/vpin-shop.com\/?post_type=product&#038;p=3149"},"modified":"2026-04-16T13:03:11","modified_gmt":"2026-04-16T13:03:11","slug":"flipperbutton-gold-leafe-switch-concave","status":"publish","type":"product","link":"https:\/\/www.vpin-shop.com\/home\/vpinshop\/cabinet-zubehoer\/taster\/flipperbutton-gold-leafe-switch-concave\/","title":{"rendered":"Flipperbutton Gold Leafe Switch concave"},"content":{"rendered":"<p>Flipperbutton mit integrierten Gold Leafe Switche.<\/p>\n<p>Kein nachjustieren mehr notwendig!<\/p>\n<p>Einbaudurchmesser: 30mm<\/p>\n<p>Einbautiefe: 35mm<\/p>\n<p>&nbsp;<\/p>\n<p>Dieser Gold Leaf Arcade Button ist ein leistungsstarker Taster mit integriertem Miniatur-Mikroschalter mit 2,8 mm Klemmen.<\/p>\n<p>Vergoldete Kontakte<br \/>\nKeine Anlaufen oder Verschlechterung f\u00fchrt zu keiner Verschlechterung der Reaktion. Die Kontaktbl\u00e4tter und die externen Anschl\u00fcsse sind vollst\u00e4ndig vergoldet.<\/p>\n<p>Geringe Tr\u00e4gheit<br \/>\nDer bewegliche Teil des Knopfes ist ultraleicht und nur 10 mm tief, im Gegensatz zu anderen Typen, bei denen der Kolben die volle Tiefe des Knopfes ausf\u00e4hrt.<\/p>\n<p>Kein Klick<br \/>\nDer T\u00fcrfl\u00fcgelschalter bedeutet, dass der Mikroschalter nicht klickt.<\/p>\n<p>Keine Kolbenfeder<br \/>\nDer K\u00f6rper des Knopfes enth\u00e4lt keine gro\u00dfe Feder. Daraus resultiert eine einzigartig niedrige Bet\u00e4tigungskraft von 45 Gramm f\u00fcr den gesamten Knopf.<\/p>\n<p>Keine Hysterese<br \/>\nDies ist der Unterschied im Tastendruck f\u00fcr die Kontakt- und \u00d6ffnungspunkte. Bei diesen Tasten ist die Position gleich, was zu einer maximalen wiederholten Bet\u00e4tigungsleistung f\u00fchrt. Bei Mikroschaltertasten kann dieser &#8220;Tot&#8221;-Abstand bis zu 1,5 mm betragen.<\/p>\n<p>Konkave Oberseite<br \/>\nDie meisten ernsthaften Spieler bevorzugen die klassischen konkaven Spitzen gegen\u00fcber den konvexen, die h\u00e4ufig auf japanischen Kn\u00f6pfen mit geringer Tr\u00e4gheit verwendet werden.<\/p>\n<p>Robustheit<br \/>\nDer Endanschlag der Taste wird durch das Tastengeh\u00e4use und nicht durch den Schalter getragen, so dass keine Gefahr von Schaltsch\u00e4den durch zu enthusiastisches Spiel besteht!<\/p>\n<p>Kompaktes integriertes Design<br \/>\nKeine knifflige Montage nach dem Einbau durch die Platte. Vollst\u00e4ndig geschlossene Blattschaltkontakte.<\/p>\n<p>Wirtschaftlich<br \/>\nTrotz ihrer Leistung sind diese im Preis \u00e4hnlich wie Standard-Arcade-Tasten und der Preis ist all-inclusive, nichts extra zu bezahlen f\u00fcr Add-on-Schalter Optionen.<\/p>\n<p>Mutter &amp; Gewindebefestigung<br \/>\nWir haben die traditionelle Gewindebefestigung beibehalten und nicht das Push-In-Design einiger anderer Kn\u00f6pfe mit geringer Tr\u00e4gheit, da wir glauben, dass dies die effektivste dauerhafte Befestigung in allen Arten von Panels bis zu 19 mm (3\/4 in) erm\u00f6glicht.<\/p>\n<p>Anschluss Ihrer Drucktasten<br \/>\nDiese Drucktasten haben 2,8 mm Schalteranschluss-Tags.<\/p>\n","protected":false},"excerpt":{"rendered":"<p class=\"card-text\">Flipperbutton mit integrierten Gold Leafe Switche. Kein nachjustieren mehr notwendig! Einbaudurchmesser: 30mm Einbautiefe: 35mm &nbsp; Dieser Gold Leaf Arcade Button ist ein leistungsstarker Taster mit integriertem Miniatur-Mikroschalter mit 2,8 mm Klemmen. Vergoldete Kontakte Keine Anlaufen oder Verschlechterung f\u00fchrt zu keiner Verschlechterung der Reaktion. Die Kontaktbl\u00e4tter und die externen Anschl\u00fcsse sind vollst\u00e4ndig vergoldet. Geringe Tr\u00e4gheit Der [&#8230;]<\/p>\n<p class=\"m-0\"><a class=\"btn btn-outline-secondary btn-read-more\" href=\"https:\/\/www.vpin-shop.com\/home\/vpinshop\/cabinet-zubehoer\/taster\/flipperbutton-gold-leafe-switch-concave\/\">Read More<\/a><\/p>\n","protected":false},"featured_media":3424,"comment_status":"open","ping_status":"closed","template":"","meta":[],"product_brand":[],"product_cat":[31],"product_tag":[],"class_list":{"0":"post-3149","1":"product","2":"type-product","3":"status-publish","4":"has-post-thumbnail","6":"product_cat-taster","7":"product_shipping_class-kleiner-2kg","9":"first","10":"instock","11":"taxable","12":"shipping-taxable","13":"purchasable","14":"product-type-variable"},"_links":{"self":[{"href":"https:\/\/www.vpin-shop.com\/home\/wp-json\/wp\/v2\/product\/3149","targetHints":{"allow":["GET"]}}],"collection":[{"href":"https:\/\/www.vpin-shop.com\/home\/wp-json\/wp\/v2\/product"}],"about":[{"href":"https:\/\/www.vpin-shop.com\/home\/wp-json\/wp\/v2\/types\/product"}],"replies":[{"embeddable":true,"href":"https:\/\/www.vpin-shop.com\/home\/wp-json\/wp\/v2\/comments?post=3149"}],"wp:featuredmedia":[{"embeddable":true,"href":"https:\/\/www.vpin-shop.com\/home\/wp-json\/wp\/v2\/media\/3424"}],"wp:attachment":[{"href":"https:\/\/www.vpin-shop.com\/home\/wp-json\/wp\/v2\/media?parent=3149"}],"wp:term":[{"taxonomy":"product_brand","embeddable":true,"href":"https:\/\/www.vpin-shop.com\/home\/wp-json\/wp\/v2\/product_brand?post=3149"},{"taxonomy":"product_cat","embeddable":true,"href":"https:\/\/www.vpin-shop.com\/home\/wp-json\/wp\/v2\/product_cat?post=3149"},{"taxonomy":"product_tag","embeddable":true,"href":"https:\/\/www.vpin-shop.com\/home\/wp-json\/wp\/v2\/product_tag?post=3149"}],"curies":[{"name":"wp","href":"https:\/\/api.w.org\/{rel}","templated":true}]}}